pose -q - f = -6*q. Let o = q + -11. What is the tens digit of o?
1
Suppose 3*b - 4*f - 28 - 31 = 0, 0 = f + 5. Suppose -3*c = -12, -4*r + 3*c - c = 124. Let w = b - r. What is the units digit of w?
2
Let o(c) = c**2 - 11*c - 4. Let j be o(12). Let t be (-320)/(-52) - j/52. Suppose 9*l - t = 7*l. What is the units digit of l?
3
What is the thousands digit of (-3724)/(-1) + (-14 + 11 - -3)?
3
Let i = -4599 + 7207. What is the tens digit of i?
0
Let z(o) = o**3 - 39*o**2 + 89*o + 38. What is the units digit of z(37)?
3
Let q = -75 - -78. Suppose -501 = -2*f - 7*z + 2*z, -q*f + z + 709 = 0. What is the tens digit of f?
3
Suppose 16 = 4*c + x, -5*c - x = x - 17. Suppose 0 = -4*o - c*z + 402, 349 + 37 = 4*o - 3*z. What is the tens digit of o?
9
Let z(q) = 203*q + 21. What is the thousands digit of z(8)?
1
Let x be 15 - -1 - 0/5. Let k(o) = -o**3 + 6*o**2 - 4*o - 5. Let u be k(4). Let b = x - u. What is the units digit of b?
5
Let l(h) = h**2 + 9*h. Let n be l(-8). Let q = n + 8. Suppose q = 5*r - c - 67, -4*c + 61 = 3*r + 7. What is the units digit of r?
4
Let a(s) = -6*s - 14. Let f(c) = -3*c**2 - c - 1. Let p be f(-2). Let n be a(p). What is the units digit of 1*-45*n/(-39)?
0
Suppose 0 = -13*v + 17383 + 15806. What is the tens digit of v?
5
Let x(o) = -o - 4. Let k be x(-8). Suppose -3*c - 5*s = -4*c + 55, 125 = k*c - s. What is the tens digit of c?
3
Let c(s) = -6*s - 6. Let d = -13 + 9. Let m = -1 + d. What is the units digit of c(m)?
4
Let b be -1 + (-6)/(2 - 4). Let f(w) = -3*w**2 + w**2 - 3*w**2 - 8*w**3 + 4*w**b - w. What is the units digit of f(-1)?
8
Let m(u) = u**3 - 12*u**2 - 9*u + 17. Let h be m(13). Suppose 6*z = h + 69. What is the units digit of z?
3
Let g(l) = -l + 3. Let b be g(7). Let f(u) be the second derivative of u**5/20 + u**4/4 - u**3/2 + 5*u**2/2 - u. What is the units digit of f(b)?
1
Let a be 0/(-1) - (-2 - 0). Suppose -2*o + 14 = -2*n, -2*o + n = a*o - 13. Suppose -4*m + o*m + 62 = 0. What is the tens digit of m?
3
Suppose 5*x = -5*g + 85, 9*x = 5*x + 3*g + 33. Let f be (-2)/(-3)*(-6)/(-4). Let o = x - f. What is the tens digit of o?
1
Let p(y) = y**2 - 1. Let n(g) = -g**2 - 10. Let l(k) = -n(k) - 2*p(k). Let w be l(0). Let m = w - -9. What is the tens digit of m?
2
Suppose -4*q + 5*h + 276 = -3*q, 3*q = -2*h + 862. What is the hundreds digit of q?
2
Let w(g) = 6*g**2 - 11*g + 54. What is the hundreds digit of w(12)?
7
Let q be 7 + -23 + -1 + -3. Let p = q - -21. Let s = 9 + p. What is the units digit of s?
0
Let c = -15 + -18. Let t = -12 - c. What is the tens digit of t?
2
What is the hundreds digit of 3720/14 - (-6)/21?
2
Let n(j) = -j**2 + 13*j + 2. Let w be n(13). Suppose 426 = 2*i + 2*x, w*i + 3*i + 4*x - 1067 = 0. What is the tens digit of i?
1
Let z = 14 + -34. Let i = 23 + z. What is the units digit of (i/2)/((-2)/(-44))?
3
Let z = -85 + 90. Suppose -p - 2*k = -2*p + 13, -z*k + 5 = 0. What is the tens digit of p?
1
Suppose 0 = 4*n + 2*p + 10, -p - 6 = 2*n + n. Let a(g) = 2*g + 9. Let f be a(9). What is the units digit of (3 - 1)/n + f?
5
Let a(y) = 12*y**2 - 22*y - 2. What is the tens digit of a(6)?
9
Let y(g) = 2*g**2 + 17*g - 107. What is the units digit of y(-21)?
8
Suppose -6*l - 140 = -7412. What is the thousands digit of l?
1
Let k = -15 - -15. Suppose k = -z + 4*z. What is the tens digit of 36 + 2 + -2 + z?
3
Let a = 294 - -28. Suppose -4*q - q - 3*u = -319, 4*u = -5*q + a. What is the units digit of q?
2
Suppose -6*u - 2*j = -2*u - 18, 4 = 2*u + 2*j. Let h = -26 - -40. What is the units digit of (-4)/h + 338/u?
8
Suppose 4*z = 5*j - 684, -3*z - 201 = -4*j + 346. Suppose -j = -5*d + 34. Let y = d - -6. What is the units digit of y?
0
Let o(g) = -6*g**3 + g**2 + 3*g + 13. What is the tens digit of o(-4)?
0
Suppose z - 3*k = 30, 51 = -z + 2*z + 4*k. Suppose z = n - 15. What is the tens digit of n?
5
Let q(v) = 4*v**2 + 10*v. What is the tens digit of q(-12)?
5
What is the hundreds digit of ((-11914)/92)/(2/(-12))?
7
Let g(f) = 10*f - 3. Let z be g(1). Suppose -3*x - 160 = -z*x. What is the tens digit of x?
4
Suppose -4*s + 0*s + 92 = 0. Suppose i = -s + 81. What is the tens digit of i?
5
What is the units digit of 1/(-11) - (-2784)/11?
3
Suppose 10*q - 9*q + 5265 = 4*o, 0 = 4*o + 3*q - 5261. What is the thousands digit of o?
1
Let w be 5*(2 - 1) + -2. Let k be -3 - (-4 + 2/(-1)). Suppose w*z + 4*m - 3*m - 8 = 0, -k*z - 4*m + 5 = 0. What is the units digit of z?
3
Let y(v) = 20*v - 18*v - 2*v**2 + 12 - 3*v**3 + 2*v**3. What is the units digit of y(-4)?
6
Let d(y) = y**3 - 6*y**2 + 3*y + 4. Let q be d(7). Suppose 4*p + w = q, p - 6*p - 3*w + 89 = 0. What is the units digit of p?
9
Let w(p) = -p - 5*p**2 - 5 - 6*p + 1 + 4*p**2. Let x be w(-6). Suppose 0 = x*z - z - 7. What is the units digit of z?
7
Let z(c) = 13*c**2 + 1. Let u be z(1). Let t(m) = -2*m**3 - m**3 + 0*m**3 + u - 10*m**2 + 4*m**3 + m. What is the units digit of t(10)?
4
Let d = -197 - -391. What is the units digit of d?
4
Let m = 126 - 122. Suppose -b - 506 = -3*b - m*z, -5*z = b - 262. What is the units digit of b?
7
Suppose -15 = d - 0*d + 5*i, -i = 3. What is the units digit of 16/4 + (d - -110)?
4
Let q be (158/2)/(1/(-1)). Let j = 162 + q. What is the units digit of j?
3
Suppose -4*u + 3792 = g, 3043 = -5*u + 4*g + 7804. What is the hundreds digit of u?
9
Let y = -102 - -106. Suppose -360 = -0*m - 3*m - y*g, 0 = -2*m + 4*g + 220. What is the tens digit of m?
1
Let c be 17/(-3) + 4/(-3). Let v = 3 - c. Suppose -3*b = -4*a + 117, 5*b = -a + 25 + v. What is the tens digit of a?
3
Let b(a) = -37*a + 212. What is the hundreds digit of b(-13)?
6
Let r(b) = -5*b - 28. Suppose g = 2*n + 12 + 8, -4*n + 3*g - 42 = 0. What is the units digit of r(n)?
7
Let f = 19 - 18. Let w(p) = -6*p - 1. Let c be w(f). What is the tens digit of 3 + c*4/(-4)?
1
Suppose h + 4*h - 25 = 0, -5*h = -4*i + 283. Let d = i + -37. What is the units digit of d?
0
Suppose 0 = 10*b - 12914 + 4434. What is the hundreds digit of b?
8
Suppose 9*p - 3 = -12. What is the hundreds digit of (1 - 622)*p*(-7)/(-21)?
2
Let q = 1598 - 949. What is the units digit of q?
9
Let j = -3 - 7. Let l be (-4)/6*195/j. Suppose 3*v - 4*h = l, -5*v + h + 26 = -7. What is the units digit of v?
7
Suppose t - 2*f = 5*t - 278, 5*t - 5*f = 355. Suppose 3*q + 2*y = 8*q - 154, 2*q = -2*y + t. What is the tens digit of q?
3
What is the tens digit of 332/18*3*15?
3
Suppose 3*l + 76 = 82. Suppose -l*v = 3*v - 3*u + 2, 3*v - 5*u + 14 = 0. What is the units digit of 49 - (3 + -4)*v?
1
Let a(u) = u**2 - 6*u + 9. Let j be a(5). Suppose -3*n = -2*q - 52 - 44, 0 = j*n - q - 128. Suppose n = 4*c - 164. What is the units digit of c?
9
What is the hundreds digit of (508/(-10))/(6/(-45))?
3
Suppose -3*k - 4*q + 219 = 0, 9 = 2*k - 3*q - 154. Suppose -1187 = 2*u - 1109. Let i = u + k. What is the units digit of i?
8
Let u(g) = -2 + 8*g**2 + 0 - g + 3*g. What is the units digit of u(3)?
6
Let r = -2107 + 3234. What is the hundreds digit of r?
1
Let z = 806 + -366. What is the tens digit of z?
4
Let j(f) = f**2 - 11*f + 8. Let z be j(7). What is the units digit of ((-16)/z + -4)*-20?
4
Let d(y) = 2*y + 24. Let b be d(-12). Suppose b = -9*m + 3*m + 1710. What is the tens digit of m?
8
Suppose 4799 = -5*t - 3011. What is the tens digit of 3/(-1)*t/66?
7
Let n be (18/15)/(4/30). Let w = 9 - n. Suppose m + 2 - 11 = w. What is the units digit of m?
9
Let f be (-1 - -56) + (-4)/(-4) + -4. Suppose -5*w = -4*a - f, -w + 4*a + 18 + 2 = 0. What is the units digit of w?
8
Let p(r) = 4*r + 4. Let q be p(2). Suppose m - 5*m + q = 0. Suppose -192 - 3 = -m*f. What is the tens digit of f?
6
Let c = 5 - 2. Suppose 0 = a + c, 4*a - 54 = -4*w - 14. What is the units digit of w?
3
Let r = -99 + 416. What is the hundreds digit of r?
3
Suppose 5*l = -t + 55, 5*t - 4*t = 2*l - 15. Let y be (8/l)/(1/30). What is the tens digit of 27 - (-3 + y/4)?
2
Let q be 2 - (-6 - (-4 - -1)). Suppose 0 = -3*p - q*o + 2, 0 = -5*p + 2*o - 0*o - 38. What is the units digit of p/18 + 13/3?
4
Let u = -1669 + 2355. What is the tens digit of u?
8
What is the units digit of (-174)/(-14)*206 + 2/(-7)?
0
Let p = -8 + 20. Let a = p + 8. Let g = a - -8. What is the tens digit of g?
2
Suppose -14326 = -44*q + 15*q. What is the tens digit of q?
9
Let o(x) = 2*x**2 - 3*